 What is the remainder when (33 + -19 - 13)/((-1)/(-206)) is divided by f?
31
Suppose -3 - 3 = -2*f, 3*c = 5*f - 330. Let h = 60 + c. Let y = -37 - h. Calculate the remainder when 31 is divided by y.
7
Let o = 17 - -83. Let d(p) = -o*p - 8 + 4*p**2 - 3*p**2 + 96*p + 21. What is the remainder when 134 is divided by d(7)?
32
Let b = 490 + -301. Let y be 273/(((b/(-12))/(-7))/3). Suppose 44*o - y = 42*o. Calculate the remainder when o is divided by 37.
34
Suppose -4 = 3*m - 7, -a + 313 = -m. Let l = 76335 + -76300. What is the remainder when a is divided by l?
34
Calculate the remainder when (-10 - (-1428)/(-5))*15/(-6) is divided by 83.
75
Suppose 1475 = -3497*u + 3522*u. What is the remainder when u is divided by 20?
19
Let q(d) = -d**3 + 3*d**2 - 2*d + 4. Let y be q(3). Suppose -9955 = -32*r - 119*r - 3160. Calculate the remainder when r is divided by 15 - y/((-4)/(-2)).
13
Suppose 357 = 5*i - 503. Suppose -w + i = w. Let u = w - 53. Calculate the remainder when 129 is divided by u.
30
Let c(v) = -2*v**3 - v**2 + 17*v - 2. Let n be c(-4). Let t(x) = -x**3 + 44*x**2 - 82*x - 63. Calculate the remainder when 223 is divided by t(n).
13
Let l be (98/(-42))/((-1)/(-15)). Let t = 213 + l. What is the remainder when t is divided by 39?
22
Suppose -3*q - 12*t + 13*t + 6 = 0, -t + 26 = 5*q. What is the remainder when 962 is divided by q?
2
Suppose -5*z - 45*y + 44*y = -155, -5*z - 5*y + 175 = 0. What is the remainder when z is divided by 16?
14
Suppose -4*l = c - 29, -4*c - 237 = -l - 268. What is the remainder when 55 is divided by c?
1
Let b(k) = -k**2 - 12*k - 23. Let j be b(-13). Let p = 194 + j. Calculate the remainder when p is divided by 8.
6
Let c(z) be the first derivative of 4*z**3/3 - z**2/2 - 4*z + 9. Let k = 153 - 141. Calculate the remainder when c(-3) is divided by k.
11
Suppose 19*i - 840 = -22*i - i. What is the remainder when 882 is divided by i?
2
Let f = -175 - 39. Let l = f - -260. Suppose -3*a = -2*a - 12. Calculate the remainder when l is divided by a.
10
Suppose -49*d + 1178 - 1135 = -2162. Calculate the remainder when 671 is divided by d.
41
Let i = 7121 + -6796. Calculate the remainder when 657 is divided by i.
7
Suppose 3*v - 9 = -c, -192*c + 197*c - 32 = -2*v. Calculate the remainder when 2260 is divided by c.
4
Let u(k) = 18*k**2 + 29*k - 73. What is the remainder when 343 is divided by u(3)?
167
Suppose y = 12 - 8. Suppose y*c + q - 51 = 0, -4*c + 59 - 9 = 2*q. Let f(k) = k**3 + 7*k**2 + 1. What is the remainder when f(-5) is divided by c?
12
Suppose -v - 339 - 79 = -5*b, 4*b = 4*v + 344. Calculate the remainder when b is divided by 4/14*(-2618)/(-68).
6
Suppose 0 = -4*k + 2*g + 144, 3*g + 4 = -2. Suppose -k*y = -40*y + 10. Suppose y*m - 472 = -2*m. What is the remainder when m is divided by 60?
58
Suppose 0 = 3*c - 1995 - 3555. Suppose c + 644 = 29*t. What is the remainder when t is divided by 20?
6
Let p = -8 - -12. Let q = 2327 + -2322. Suppose -q*k - 2*u + 87 = -0*u, -5*k = -p*u - 111. Calculate the remainder when k is divided by 3.
1
Suppose -3*o + 2*o = -12. Let i(v) = 4*v**3 + 16*v**2 - 4*v + 4. Let y be i(-4). Suppose 138 = y*g - 22. What is the remainder when o is divided by g?
4
What is the remainder when 3782 is divided by (-28)/((-168)/27)*(-1262)/(-3) + -7?
10
Suppose -1153 = 737*v - 757*v - 253. Calculate the remainder when 8999 is divided by v.
44
Suppose 50*t - 27582 = 126383 - 31515. Calculate the remainder when t is divided by 43.
41
Suppose 16*r + 2496 = 120*r. Calculate the remainder when 294 is divided by r.
6
Let c(w) = -2*w**3 - 4*w**2 - 9*w + 10. Let s be c(-4). Let l = s - 65. What is the remainder when l is divided by 27?
18
Suppose 10*m - 162 = 58. Let y(h) = 5*h + 2. Calculate the remainder when m is divided by y(1).
1
Suppose -4*y = k - 400, 2*y - 44*k = -47*k + 200. Suppose 836 + y = 18*l. What is the remainder when (80/(-6))/(2/(-15)) is divided by l?
48
Suppose 60*u + 49*u - 132*u = -5566. What is the remainder when u is divided by 61?
59
Let n = -4079 - -4128. What is the remainder when 7398 is divided by n?
48
Let u(r) = 69*r. Let g be u(4). Suppose -3*l - g = -3*w - 117, l = -2*w + 115. What is the remainder when w is divided by (-5495)/(-189) - (1176/567 + -2)?
27
Suppose 2*v + 2*v - 48 = 0. Let x(t) = t - 9. Let f be x(v). Suppose 0 = f*a + 8*b - 3*b - 42, -3*a + b = -24. Calculate the remainder when 60 is divided by a.
6
Let i = 4445 + -2718. Calculate the remainder when i is divided by 863.
1
Let z = 2238 + -2200. What is the remainder when 106 is divided by z?
30
Let c(d) = d**3 + 15*d**2 - d - 16. Let i be c(-15). Let j be (-82)/(-1)*i/(-2). Suppose -46 - j = -3*a. Calculate the remainder when a is divided by 16.
13
Suppose -7*q + 6034 + 10200 = 4222. What is the remainder when q is divided by 429?
0
Let u(x) = -4*x - 6. Let z be u(-4). Let g = z + -3. Let r(t) = -60*t + 2487. Calculate the remainder when r(41) is divided by g.
6
Let h(w) = -313*w + 3475. Suppose 2*v = 29 + 13. Calculate the remainder when h(11) is divided by v.
11
Let z = -24889 - -24946. What is the remainder when 5124 is divided by z?
51
Suppose -2*h = 5*b - 57, 8*h - 3*b - 153 = 4*h. Suppose -2*c + 6*c + h = 0. What is the remainder when 8 is divided by 2 + c/(-15) + (-3)/5?
0
Suppose 0 = i - 3*i + 312. Let u = -147 + i. Calculate the remainder when 35 is divided by u.
8
Suppose 0 = -z - 22*a + 26*a - 19, 4*z = 3*a - 11. Calculate the remainder when 122 is divided by (-2)/11*z - 7479/(-297).
22
Suppose -12 = 5*h - 2, 3*h = t - 139. Suppose -97*w = -67*w - 48*w + 810. What is the remainder when t is divided by w?
43
Let m = 15 + -11. Let f be ((-15)/(-10) + m)*-6. Let l = f + 130. Calculate the remainder when l is divided by 11.
9
Let s(u) = u**3 - 3*u**2 + 10*u - 3. Let a(i) = -i**3 + 13*i**2 + 15*i + 19. What is the remainder when s(5) is divided by a(14)?
31
Suppose -12996 = -145*y + 126*y. Calculate the remainder when y is divided by 231.
222
Let i be ((-7)/(-21))/(3/225). Suppose -4*j - 5*b = -b - 148, 0 = -j + 2*b + i. Calculate the remainder when 257 is divided by j.
26
Let k = -520 + 531. What is the remainder when 15 is divided by k?
4
Let v = -15 + 78. Suppose -o - 42 = -4*s - 0*o, 0 = -5*s - 4*o + v. Let a(p) = p**2 + 19*p - 41. Calculate the remainder when a(-23) is divided by s.
7
Let t be 2*((-4935)/(-6))/5. Let r = -280 + t. Calculate the remainder when 487 is divided by r.
46
Suppose 0 = h - 46 - 18. Let c = -3451 - -3478. Calculate the remainder when h is divided by c.
10
Let h(n) = n**3 + 30*n**2 + 194*n - 72. What is the remainder when h(-16) is divided by 97?
20
Suppose 4*c - 41 = 11. Let r be 6/(-12) + (-42)/(-4) + -1. Suppose -40 = r*k - 76. Calculate the remainder when c is divided by k.
1
Let c = -1128 - -1180. Calculate the remainder when 561 is divided by c.
41
Suppose -3 = -3*m + 3. Suppose -5 - 79 = -m*u. Calculate the remainder when 81 is divided by u.
39
Let n be (-15*(-6)/75)/((-3)/(-40)). Let j be 1 + n/(-20) + (-2)/10. Let v(a) = -7*a + 10. Calculate the remainder when 38 is divided by v(j).
8
Let b = -24 + 61. Let u = b + -31. Suppose 17*i + 42 = 20*i. What is the remainder when i is divided by u?
2
What is the remainder when (46362/(-8))/(9/(-120)*335/67) is divided by 32?
30
Suppose 0 = 6*b - 2*b - 84. Let m(k) = 23*k**2 - 4*k + 3. Let n be m(3). Let c = -117 + n. Calculate the remainder when c is divided by b.
18
Let f = 312 - 302. Calculate the remainder when 105 is divided by (-172)/(-215) - (-212)/f.
17
Let i(b) = -b + 9. Let f be i(7). Suppose z = f*q + 3, -21 = 3*z + 4*q - 0*q. What is the remainder when 83 is divided by 34/z*12/(-8)?
15
Let n = -11430 + 11446. Calculate the remainder when 958 is divided by n.
14
Let g(l) = l**2 - l + 17. Let b = 297 - 205. Let j = -92 + b. Calculate the remainder when 98 is divided by g(j).
13
Let d = 23 - 5. Let j(g) = 8*g + 16. Let h = 65 + -66. Calculate the remainder when d is divided by j(h).
2
Suppose 92 = -3*u + 104. Suppose u*s - 113 = -3*d, -2*d + 2*s = 6*s - 82. What is the remainder when 586 is divided by d?
28
What is the remainder when 698 is divided by 3/((-15)/50) - -182?
10
Suppose 3*g = 8*u - 11*u + 4077, -1357 = -u + g. Suppose -7*v = -903 - u. Calculate the remainder when v is divided by 4.
3
Let i be -2 + (-8)/(-